(4). Let w = d - -4. What are the prime factors of (22/33)/(w/(-45))?
3, 5
List the prime factors of 8/((-80)/(-105))*(62 - -2).
2, 3, 7
Suppose -3*c + 4*r + 120 = 0, 32 = -c - 5*r + 91. List the prime factors of c.
2, 11
Let p(v) = v**2 + v. Suppose -2*g = -5*g + 3. Let w(u) = -2*u**2 + 10*u - 10. Let d(l) = g*p(l) + w(l). What are the prime factors of d(7)?
2, 3
Let l be 24/(-18)*726/(-4). Suppose 2*n - w = 301, -5*n + w = -l - 503. What are the prime factors of n?
2, 37
Suppose -723 = -5*y - 73. Let c = y + -50. Let x = c + -54. List the prime factors of x.
2, 13
Let p = 391 + -178. List the prime factors of p.
3, 71
Suppose -45382 = -10*m - 12532. List the prime factors of m.
3, 5, 73
Let v be 1 + (0 - 0) + 2. Suppose -37*b + 33*b = -8. Suppose -2*t - 3*y = -v*t + 20, 0 = b*t + 4*y. What are the prime factors of t?
2
Let f = 393 + -288. What are the prime factors of f?
3, 5, 7
Let x = 24 + -25. Let o = 3 + x. Suppose 0 = -o*j + j + 9. List the prime factors of j.
3
Suppose 2*r - 4*r + 22 = 0. Suppose 12*i - 11*i = r. List the prime factors of i.
11
Let i = 972 - 14. List the prime factors of i.
2, 479
Let n be (-8)/(-2) - (2 + -2). Suppose s - 4*i = 5*s - 804, n*s = -3*i + 800. What are the prime factors of s?
197
Let m = 983 + 1680. List the prime factors of m.
2663
Suppose 3*a = 5*w + 55, 5*w + a + 2*a + 25 = 0. Let t = w - -5. What are the prime factors of t*(-1 + -18 + 2)?
3, 17
Let n = -684 + 1737. List the prime factors of n.
3, 13
Suppose -3*w + 25 = 4*h, 2*h - 4*h + 2 = -2*w. Suppose a = -a. Suppose a*g - 132 = -w*g. What are the prime factors of g?
2, 11
Let o = -101 + 37. Let v be (276/3 - -1)/1. Let z = v + o. List the prime factors of z.
29
What are the prime factors of 3/(-24)*-8 + 882?
883
Suppose 26*f - 36*f = -4400. What are the prime factors of f?
2, 5, 11
Suppose -11*j + 2912 = -168. List the prime factors of j.
2, 5, 7
Let s be 2*3/(-9)*222/(-2). Let w = -17 + s. List the prime factors of w.
3, 19
List the prime factors of (296 - -2) + (-24)/8.
5, 59
Suppose -6862 = -8*z - 214. What are the prime factors of z?
3, 277
Let t(d) = d**2 + 4*d - 11. Suppose -11 + 1 = 2*m. Let l be t(m). List the prime factors of (-5)/(-20)*l*-12.
2, 3
Let h(n) = 97*n**2 + 10*n + 35. List the prime factors of h(6).
17, 211
Suppose -x - f = 6, 2*x + 0*f = -f - 13. Let d(w) = -w**3 - 5*w**2 + 4*w - 1. List the prime factors of d(x).
3, 23
Suppose 0 = 2*n + 2, 2*n = 5*c - 0*n + 3. What are the prime factors of (67/(-4))/(c/(-24)*-2)?
3, 67
Suppose 9*n - 627 = 6*n. Suppose 2*s + 2*i = n + 69, 3*s = -i + 419. List the prime factors of s.
2, 5, 7
Let a be (1 - 0)/((-7)/399). Let w be -1*(a + -3 + 0). Suppose 0*p + w = 5*p. List the prime factors of p.
2, 3
Let o(f) = -f + 1. Let u be o(-5). Suppose 4 + 86 = -u*l. Let q = 50 + l. List the prime factors of q.
5, 7
Suppose -635 = -2*x - 4*p + 19, -2*p = -x + 339. Let z = -183 + x. What are the prime factors of z?
2, 3, 5
Let g = -33 + 239. Suppose -v + g = -2*o - 3*o, -80 = 2*o - v. Let z = o - -78. What are the prime factors of z?
2, 3
Let t(v) = -13*v + 8. Let f be t(-4). Let z = 5 + f. Let g = -46 + z. List the prime factors of g.
19
Suppose -3*g + 4*j = -187, 0*g + 124 = 2*g - 2*j. Let v = -27 + g. List the prime factors of v.
2, 17
Let k = 34 + 861. List the prime factors of k.
5, 179
Suppose -5*h = 5*x - 55, -2*x + 18 = -0*h + 3*h. Suppose -2*t - 187 = -i + 15, -x = -3*t. What are the prime factors of i?
2, 53
Suppose 0*u - 3*u + 75 = 0. Let q be 0 + (-9)/(-3) - u. Let d = -4 - q. List the prime factors of d.
2, 3
Let y be -2 + -2 + (9 - -3). List the prime factors of 6/y + 137/4.
5, 7
Let x(n) = n**3 - 3*n**2 + n - 4. Let m be x(6). Suppose -4*o = -6*o + m. List the prime factors of o.
5, 11
Let n(f) = 3*f**2 + 8*f + 1. Let t(q) = -q**2 + 1. Let v(c) = n(c) + 2*t(c). List the prime factors of v(-12).
3, 17
Suppose 0 = -6*z + z + 30. Let a be 74*(-3)/z*-3. Suppose -a = -5*f + 29. List the prime factors of f.
2, 7
Suppose -n - v + 399 = -0*n, -5*n = -2*v - 2002. List the prime factors of n.
2, 5
Let b = -196 + 667. What are the prime factors of b?
3, 157
Let j(b) be the first derivative of -b**3/3 + 2*b**2 + 7*b + 3. Let v be j(6). List the prime factors of 31 - v/(5/(-3)).
2, 7
Let v(j) = j**3 + 7*j**2 - j + 3. Let b be v(-7). Suppose -b*n = -12*n + 388. List the prime factors of n.
2, 97
Suppose -87*c + 47860 + 175904 = 0. What are the prime factors of c?
2, 643
Let f(s) = -6*s - 23. Let p be f(-8). Suppose p = 5*z - 370. List the prime factors of z.
79
Let f(p) = 2*p**2 - 3*p + 2. Let r be f(-3). Suppose z = -58 - r. Let g = z + 123. What are the prime factors of g?
2, 3
Let l be -4 + 3 + (11 + -2 - 3). Suppose 784 = 12*n - l*n. List the prime factors of n.
2, 7
Suppose -3*u + 30 = 3*u. Suppose 249 = u*r + 44. Suppose 0 = 3*x - 4*x + r. List the prime factors of x.
41
Suppose 3*m = t - 2*t + 3, 5*m = t + 13. Let v(p) = 5*p**3 - 2*p**2 + 4*p + 1. List the prime factors of v(m).
41
Suppose 8954 = 25*o - 19721. List the prime factors of o.
31, 37
Let n(p) = -3*p**2 + 18*p - 9. Let f be n(7). Let s = -8 - f. What are the prime factors of s?
2, 11
Let s = -3 + 5. Suppose s*u - 3*u - 5*p + 77 = 0, 4*u + 3*p = 325. List the prime factors of u.
2, 41
Suppose -4*k = 3*i - 55, 4*i + 13 - 3 = 3*k. Let s be (-20)/k + 0 + 4. Suppose -s*n + 24 = -14. List the prime factors of n.
19
Let d = 134 - 232. Let c = d - -363. List the prime factors of c.
5, 53
Let m = -12 + 27. Let r = 2 - m. Let u = r - -21. List the prime factors of u.
2
Let v = -18 - -20. Let f be (v/2 - 26)*-1. Suppose -2*u = -m - 18 + 1, m - f = -5*u. What are the prime factors of u?
2, 3
Suppose 0 = 5*s + 5*s + 40. What are the prime factors of (-145 - s/(-2))*18/(-27)?
2, 7
Suppose 3*r - 389 = -10*g + 8*g, 0 = -4*g - 20. List the prime factors of r.
7, 19
Let z be (-8)/12*1*3. Let r be 0 + -2 + 16 + z. List the prime factors of (r/(-5))/(4/(-30)).
2, 3
Let o(n) = -n**3 + 11*n**2 - 22*n - 4. Let s be o(8). Suppose 16*z - s*z = 608. What are the prime factors of z?
2, 19
Suppose 2*k = -3*a + 63, 5*k + 4*a = a + 153. Suppose 7*y + k = 12*y. List the prime factors of 2/(y/(-105)*-5).
7
List the prime factors of (20/(-80))/(1/(-6472)).
2, 809
Let i(g) = -g**2 - 7*g + 5. Let c be i(-7). Let m be (3/2)/((12/(-8))/(-3)). Suppose -m*z - 12 = -c*z. What are the prime factors of z?
2, 3
Let n = -1006 + 1766. Suppose 3*p + n = 7*p. What are the prime factors of p?
2, 5, 19
Suppose -7*f = -28 + 7. Suppose r + 8 = -r, -f*p - 2*r - 176 = 0. Let u = p + 110. List the prime factors of u.
2, 3
Suppose 2*h = 3*h - 138. Suppose 13 = -5*q + h. Suppose -4*z + 23 = -q. What are the prime factors of z?
2, 3
Let f(z) = 16*z**2 - 6*z - 33. What are the prime factors of f(8)?
23, 41
Let a(o) = o**3 - 13*o**2 - 15*o - 3. Let m be a(14). Let x = m + 15. Let r = 9 + x. What are the prime factors of r?
7
Suppose -5*k - 48 = -j, -2*j = 2*j + k - 150. Suppose 4*u - u = 54. Let c = j - u. What are the prime factors of c?
2, 5
Let t = 111 + 113. Suppose 120 = -2*u + 4*s, 0 = -4*u + 2*s + 2*s - t. Let a = -26 - u. What are the prime factors of a?
2, 13
Let l be (-2 - 12/(-5))/((-2)/(-120)). Suppose 3*w - l = -w. List the prime factors of w.
2, 3
What are the prime factors of 7*6/(-21)*43/(-2)?
43
Suppose -7 = -2*u - p - 0, -2*u + 5 = 3*p. List the prime factors of -2*(-47 - u - 0).
2, 3, 17
Let c be (-70)/((20/(-8))/5). Suppose 4*m + 11 = 3*d + 151, 0 = 4*m + d - c. Let p = m - 4. List the prime factors of p.
31
Suppose 0 = -4*i + 57 + 55. What are the prime factors of 90/(i/(-7) + (-42)/(-9))?
3, 5
Suppose -g = -s + 2458, 3*s - 60*g + 64*g - 7360 = 0. List the prime factors of s.
2, 307
Let d = -31 + 27. List the prime factors of 25/(d - 5/(-1)).
5
Let i(w) = w**3 + 5*w**2 + 5*w + 2. Let v(h) = -h**2 + 8*h + 8. Let u be v(5). Let r = u + -26. List the prime factors of i(r).
5
Let r(c) = 3*c**2 + 8*c + 4. Let n(s) = s**2 + 4*s + 2. Let p(j) = -5*n(j) + 3*r(j). Let u be p(-2). Let b(v) = v + 9. List the prime factors of b(u).
19
Let g = -7 - 0. Suppose 2*n + 11 = 3*s - 4, 3*n - 25 = -5*s. Let x = n - g. List the prime factors of x.
7
Let w = -38 + 48. Suppose -90 + 18 = -4*q. Let i = q - w. List the prime factors of i.
2
Suppose -8 + 83 = 5*g. Let t be 182/3 + (-2)/3. List 